-9)). Let o(i) = -84*i + 1. Is o(z) composite?
True
Is 1/(2/(3 + 3311)) a composite number?
False
Let p = -11 + 6. Let r = p + -4. Is -5*r/((-3)/(-1)) a prime number?
False
Suppose -u = -573 + 80. Suppose -3*q + 1606 = u. Is q a prime number?
False
Is 6563 - (-12)/(-15)*5 a prime number?
False
Suppose 2*g - 905 = -3*g. Let v = g - 91. Let u = v + -56. Is u a composite number?
True
Let u = -28 - -57. Let l = -9 + -1. Let s = l + u. Is s a prime number?
True
Suppose 5*j = 11 + 4. Let y be (2 - (-509 - -3))*1. Suppose -g - j*g = -y. Is g composite?
False
Let j(z) = 2*z + 9. Let m be j(-5). Is (-1 - 33)/m + 3 prime?
True
Let q be (-2 + -1)/((-3)/87). Let h = -52 + q. Is h prime?
False
Let y = 10835 + -7378. Is y composite?
False
Is -3*(-3)/((-15)/(-215)) composite?
True
Let k(a) = a**3 - a**2 - 3*a + 467. Is k(0) prime?
True
Suppose -c + 2*z + 62 + 141 = 0, c + 3*z = 223. Is c prime?
True
Is ((-8)/(-6))/((-28)/42) + 39 a prime number?
True
Is (-46)/(-184) - (-1)/(-4)*-7723 a prime number?
True
Suppose -4*f + 581 = -487. Suppose 3*i - 3*a - f = 0, 87 = -0*i + i - 2*a. Is i a composite number?
True
Suppose 0 = o - 2*o + 22. Is o a prime number?
False
Let l(r) = -r**2 + 12*r + 5. Let x be l(12). Suppose 4*b = 3*w - 426, -w + 71 = -x*b - 60. Suppose 2*k - 5*k - 40 = -m, w = 3*m + 4*k. Is m composite?
True
Let s(x) = -7*x. Let c(l) = -4*l. Let b(d) = -11*c(d) + 6*s(d). Let v be b(-4). Let r(g) = g**3 + 7*g**2 - 9*g - 1. Is r(v) a prime number?
True
Let y be 3*(0 - 544/(-6)). Let s be (1 - 3)*(-3 + (-199)/(-2)). Let z = y + s. Is z a prime number?
True
Let t(u) = 78*u**2 + 2*u + 1. Let o(x) = x. Let r(l) = -2*o(l) + t(l). Is r(-1) composite?
False
Suppose -3*q + 985 = -q + 5*t, t + 1452 = 3*q. Is q composite?
True
Suppose -3*f + 22 - 184 = -3*b, 3*b - f = 160. Is b a prime number?
True
Let x = 4 - 0. Suppose 4*k - 5*r = 149, 2*k + x*r = 7*k - 175. Is k a prime number?
True
Let q(o) = -o**3 + 4*o**2 - o - 3. Let f be q(3). Suppose -f*k - k = -476. Is k a prime number?
False
Suppose -5*u - 279 = -2*k - 0*k, 0 = 2*k - u - 259. Is k prime?
True
Suppose -1124 = -4*i - 5*r + 1901, -3*r + 2268 = 3*i. Is i prime?
False
Is 2/((-28)/(-8130)) - 30/(-105) prime?
False
Let z = -63 - -230. Is z a composite number?
False
Suppose -w + 270 = 4*w. Let m = 23 + w. Is m composite?
True
Let k = 3323 + -1270. Is k a composite number?
False
Is (-3874)/13*(-2 - -1) a prime number?
False
Let v = -6 - -10. Suppose -3*x = -3*u - 1341, 0 = 5*u + 6 + v. Is x a composite number?
True
Suppose 0*q + 12 = 3*q. Suppose 3*k = -3*z, -q*z + 10 = -z + k. Suppose z*p - 220 = p. Is p a composite number?
True
Let x be (-6)/(-5)*5/(-2). Let n(m) = -85*m - 4. Is n(x) a prime number?
True
Suppose 8*h - 6*h = -5*k + 1038, 497 = h - 3*k. Is h a prime number?
True
Suppose 2*i + 4*d - 77 - 33 = 0, 5*i - 5*d = 215. Is i prime?
True
Let u(k) = k**2 + 4*k + 3. Let c be (-3 + -6 + 1)/1. Is u(c) a composite number?
True
Let k(v) be the second derivative of -v**4/12 + 11*v**3/6 - 3*v**2/2 - 2*v. Is k(8) a composite number?
True
Let t(k) = 30*k - 287 + 12*k + 288. Let c be 17/5 + 4/(-10). Is t(c) a prime number?
True
Let n(j) = -j**2 + 5*j + 0*j + 3 - j. Let r be n(4). Suppose b + 0*b = r*v - 236, b + 394 = 5*v. Is v a composite number?
False
Let n(u) = -u**3 - 7*u**2 - 19*u + 19. Is n(-14) prime?
True
Let s = 3 - -2. Let t = s + -5. Suppose t*l + l + 3 = 0, 3*l = -a + 10. Is a a prime number?
True
Let z(a) = 111*a**3 - 4*a**2 - 8*a + 20. Is z(3) a prime number?
True
Let m = -191 - -297. Let t = 175 - m. Suppose 4*v - t = 55. Is v a prime number?
True
Suppose -466 = 5*b - 26. Let v = b + 157. Suppose 0*p = 3*p - v. Is p prime?
True
Let p = 7 - 4. Suppose -z + p*z = 402. Is z a prime number?
False
Is (-22)/143 - (-41682)/26 composite?
True
Let w be (1 + -2)*(2 - 2). Suppose w = -4*z - q + 45, 4*q = -z - 3*z + 48. Is z a prime number?
True
Let o(u) = 3*u - 10. Let p be o(6). Is p/(-36) + 2571/27 composite?
True
Let p be 1*(-108 + 0 + -1). Let q = p - -186. Is q prime?
False
Let a = 1 - -5. Let y be (a/(-2) - -3)/(-2). Suppose 0 = 5*c - y*c - 175. Is c prime?
False
Suppose 2*o + o = 402. Is o/10 + 4/(-10) composite?
False
Suppose 0 = 4*h - 3*u - 7 - 26, -36 = -4*h + 4*u. Suppose -h*p + 2*p = -248. Is p prime?
False
Suppose 7*i - 7715 + 330 = 0. Is i composite?
True
Let l = 9 - 4. Suppose 85 = 2*q - l*y, q + 4*y - 23 = -0*q. Is q a prime number?
False
Suppose -5*n + 1518 + 712 = 0. Is n a prime number?
False
Let i(d) = 5*d**2 - d + 1. Let r(w) = -6*w**2 + 2*w - 1. Let m(n) = 3*i(n) + 2*r(n). Is m(-3) composite?
True
Let z = 15 - 21. Is 33*(-1)/(z/4) a prime number?
False
Suppose 2*g + 2*g - 530 = 5*z, g - 209 = 2*z. Let p = z - -257. Is p a prime number?
False
Suppose -29 = 2*m + 129. Let p = 122 + m. Is p a prime number?
True
Suppose 0 = 3*k - 0*m - m + 14, -6 = -3*m. Let w(o) = -o**3 - 3*o**2 + 4*o - 3. Let n be w(k). Let u(t) = -3*t**3 + t + 1. Is u(n) prime?
True
Let d(i) = -11*i**3 - 2*i**2 + 6*i - 4. Is d(-3) prime?
True
Let i(a) = a**2 + 8*a - 11. Let l be i(-9). Let u = -2 - l. Suppose 4*q + 275 = 5*g - 340, u = g + 2*q - 109. Is g a prime number?
False
Let i(c) = -2*c. Let f be i(-3). Let g(o) = 19*o - 1. Let s(w) = 19*w - 1. Let y(x) = 4*g(x) - 3*s(x). Is y(f) composite?
False
Is (2/3)/(2/(-14562)*-6) composite?
False
Suppose -4*t + 427 = 3*k, -4*k + 3*k = 5*t - 135. Is k prime?
False
Let i(n) = -54*n - 1. Let f(z) = 4 + 36*z + 6 + 125*z - 6. Let y(u) = -2*f(u) - 7*i(u). Is y(1) composite?
True
Suppose 0 = 5*f + 14 - 44. Suppose 261 = -3*h + f*h. Is h prime?
False
Let x(i) = 10*i**2 - 4*i - 2. Let a(o) = -5*o**2 + 2*o + 1. Let t(z) = -9*a(z) - 4*x(z). Is t(-2) prime?
True
Let f(o) = -47*o - 1. Suppose 0 = 5*x + 2*b - 3 + 2, 4*x - 8 = -4*b. Is f(x) composite?
True
Let r(b) = 3 + 12*b**2 + 5*b - b**3 - 4*b**2 + b - 14. Is r(8) composite?
False
Suppose 0*s - 4*s - 141 = 3*a, 2*s = 3*a - 57. Let i be s/(2*2/4). Let p = 48 + i. Is p a prime number?
False
Let r(c) = -11*c + 1. Let x be r(-5). Let y = -85 + x. Let b = y + 100. Is b a composite number?
False
Suppose 0 = 6*q - 11*q + 275. Is q composite?
True
Let v = 1 + 1. Let p be (v/(-6))/((-1)/6). Is p/4 - (-244)/8 composite?
False
Let g = 15 + -10. Suppose -759 = -4*n + n - 3*x, -2*n - g*x + 506 = 0. Is n a prime number?
False
Let d be 3 + (-1)/(1/3). Suppose d = -3*x - 0 + 63. Is x prime?
False
Let r be (0 - 3) + (0 - -7). Suppose r*l - 3*l - 329 = 0. Is l composite?
True
Suppose 0 = -2*i, -5*i = -u - 2*u + 21. Is (-2)/u - (-522)/14 prime?
True
Let z(d) = 2*d**2 + 3. Let o be 0 - -21 - (1 + 2). Let q be (o/15)/((-2)/(-5)). Is z(q) prime?
False
Let q(d) = -3*d + 2. Let b be q(4). Let i be (-24)/(-14) - b/35. Suppose -l = 4*g + l - 98, -i*g + 55 = -5*l. Is g composite?
True
Let o(h) = h - 1. Let c(x) = -x**3 + 4*x**2 + 11*x - 9. Let l(y) = c(y) - 4*o(y). Let j be l(4). Let m = 24 + j. Is m a prime number?
True
Suppose x = 2*j - 119, -4*x = x - j + 595. Let i = x + 604. Is i a composite number?
True
Let m be 3 - 0 - (-2 + -290). Suppose -3*n + m = -170. Is n a prime number?
False
Suppose 2*i = -3*i + 2705. Is i a prime number?
True
Let q(s) = 28*s - 7. Is q(6) prime?
False
Suppose 5*w - 1052 = 213. Let i = w - 168. Is i a composite number?
True
Let n = -516 + 823. Is n prime?
True
Let q = 38 + -25. Is q a composite number?
False
Is 659/3*(20 - 17) composite?
False
Suppose 0 = x + 4*x - 4*d - 7, 2*x + 14 = -4*d. Is (x - 140)*(3 - 4) a prime number?
False
Let o = 71 + 324. Suppose 0 = -s - 4*s + o. Is s composite?
False
Let f = 3 + 2. Suppose 2*d + k = 4*d - 1372, -5*k - 3435 = -f*d. Is d a composite number?
True
Suppose 8*b - 270 = 3*b. Let y = b + 137. Is y a prime number?
True
Suppose -4*t - 97 = -j - 0*j, 5*j = 3*t + 553. Suppose -3*o - 4*u = -j, 5*u = 3*o + o - 161. Is o a prime number?
False
Is (-2)/(-8) - (-4655)/20 prime?
True
Let b(r) = -23*r. Let q = -6 - -1. Is b(q) prime?
False
Let t(k) = k**3 - 8*k**2 + 6*k + 10. Let w be t(7). Let i = -141 + 302. Suppose -i - 70 = -w*c. Is c a prime number?
False
Suppose 34 = 3*q - 68. Suppose q - 304 = -5*k. Let n = k - 31. Is n a prime number?
True
Suppose 2*l + 4*x - 1440 = 0, -x = 4*l - 0*x - 2915. Suppose 5*p - 265 + l = 0. Is p/3*(1 - 2) prime?
True
Let n = 16 + -10. Suppose 0 = 2*j - 10, -3*a + 460 =